 Let o be ((1175*8)/b)/(-2). Suppose 13*s - 1256 = o. List the prime factors of s.
11, 17
Let d(h) = 2*h**3 - 35*h**2 - 41*h + 311. What are the prime factors of d(30)?
7, 3083
Suppose 4*h + 2*o = 1408, -18*o = 5*h - 23*o - 1745. What are the prime factors of h?
3, 13
Suppose -4*a + 3121 = 197. Suppose -5*s - 191 = -a. Suppose s + 33 = j. List the prime factors of j.
3, 47
Suppose -9 = -i + 26. Suppose -5*p - 5 = i. What are the prime factors of p/(-12)*(-51)/(-1)?
2, 17
Let w(t) = 9*t**2 - 25*t - 1. Let h be w(3). Suppose 2136 + 49 = h*m. Let y = -229 + m. List the prime factors of y.
2, 13
Suppose 5*i - 8*n - 33853 = -7*n, -2*n = -4. What are the prime factors of i?
3, 37, 61
Let n(x) be the first derivative of x**3 + 29*x**2/2 + 9*x - 4. What are the prime factors of n(13)?
19, 47
Suppose -4*q - 3*q - 4*q + 102575 = 0. What are the prime factors of q?
5, 373
Let a be 4/14 - (-1005)/35. Suppose -6*g + 1 = -a. Suppose -4*o + 3*j + 141 = 0, -3*j = -2*o - g*j + 88. List the prime factors of o.
3, 13
Let w(m) = 14*m**2 - m - 1. Let q be w(-1). Let i = q + -9. Suppose -2*y + i*y - v = 56, 0 = -5*y + 3*v + 92. What are the prime factors of y?
19
Let o be (-20)/(-8)*12/10. Suppose -4*r + 35 + 11 = -o*i, -60 = 3*i + 3*r. List the prime factors of (-2184)/i + 6/9.
2, 61
Suppose -187*u + 689352 + 540504 = 181*u. List the prime factors of u.
2, 3, 557
Let h(z) = 5323*z - 149. What are the prime factors of h(1)?
2, 13, 199
Let d = 15042 - 15027. What are the prime factors of d?
3, 5
Let o be 108/(-108)*(0 - 1*-86). Let m = o + 99. List the prime factors of m.
13
Suppose 8*q + 2*q = 960. Let o = 21 + q. What are the prime factors of o?
3, 13
Suppose -2*s + 12 = -4*s. What are the prime factors of (-5 - (-26)/4)*(-3140)/s?
5, 157
Suppose -44*b - 151 + 811 = 0. List the prime factors of (-30)/(b - 5)*(-188)/6.
2, 47
Let n be ((-20)/25)/(4/40). List the prime factors of -5 + 75 - (5 + n).
73
Suppose 12*y = 48*y - 2268. Suppose -y*w - 712 = -71*w. List the prime factors of w.
89
Suppose 0 = -4*m - 48 - 280. Let c = 110 - m. List the prime factors of c.
2, 3
Suppose -w - 375 - 3897 = 0. What are the prime factors of (w/(-20))/((-12)/(-30))?
2, 3, 89
Suppose 638*z - 61026 = 632*z. What are the prime factors of z?
7, 1453
Let s be 1 - (9/(-6))/((-6)/(-16)). Let u(r) = 46*r - 8. Let t be u(s). Suppose 3*p + v = 147 + 83, 3*p - t = -3*v. List the prime factors of p.
2, 3, 13
Let z(v) = -v**3 - 16*v**2 - 20*v - 25. Let l be z(-15). Let m = l + -41. Let r(s) = 26*s - 62. What are the prime factors of r(m)?
2, 43
Suppose 6*o + 3 = -15. Let i be (-16)/(-3)*o/(-2). Suppose 0*n - 256 = -i*n. List the prime factors of n.
2
Let z(b) = b**3 + 9*b**2 - 14*b - 14. Let r be z(-10). Let y = 346 + -57. Suppose -3*h + r = -y. List the prime factors of h.
3, 5, 7
Let q(z) = z**3 - 6*z**2 - 6*z + 4. Let t be q(7). Suppose t = 5*r - 94. Let i = 64 + r. What are the prime factors of i?
5, 17
Let x(p) = 11*p**2 - 7*p - 173. Let t(g) = -5*g**2 + 3*g + 87. Let q(f) = 9*t(f) + 4*x(f). Let o be (-1 - -1)/(-5 - (-35)/5). List the prime factors of q(o).
7, 13
What are the prime factors of (-3)/9 + 2 + (-153486)/(-54)?
2, 3, 79
Let f(i) = -i**2 + 15*i - 16. Let t(v) = -2*v**2 + 31*v - 31. Let d(a) = -5*f(a) + 2*t(a). Let l be d(11). List the prime factors of (-15)/(-3 - 0) - (5 + l).
2
What are the prime factors of (-14)/(-210)*5*63927?
3, 7103
Suppose -41520 = -14*m + 12*m. List the prime factors of (-8)/(-3)*m/160.
2, 173
Let b = 398 + -99. Suppose -b - 3544 = -9*k. What are the prime factors of k?
7, 61
Suppose 0 = -5*i - 4*o + 636 + 591, i = 3*o + 253. Suppose 0 = 5*m - d - 1961, m - 146 - i = d. What are the prime factors of m?
2, 7
Suppose 1 = a - 2*g, 5 = 55*g - 50*g. Suppose x = 2*y + 989, -2787 = -3*x - a*y + 144. List the prime factors of x.
3, 109
Let h be 48/(-192) + 1/(8/760682). What are the prime factors of (-6)/(-8) - (h/20)/(-9)?
23
Suppose 3*l = 3*a + 261, 0 = 3*a + 2*a + l + 417. Let u(x) = 166*x + 801. Let g be u(-5). Let o = g - a. List the prime factors of o.
5, 11
Let b(x) = 198*x**2 - 9*x - 36. List the prime factors of b(-7).
3, 23, 47
Suppose 125 + 18 = -w. What are the prime factors of w*2*15/(-30)?
11, 13
Let h(o) be the first derivative of o**4/4 - 5*o**3/3 + 2*o**2 + o - 9. Let i be h(4). What are the prime factors of 140 - (-2 + i)*4?
2, 3
Suppose -4*n + 4072 = y, 2*y - 5*y + 12180 = 3*n. Suppose -64*m = -16040 - y. List the prime factors of m.
2, 157
Let i(b) = -7*b + 45. Let q be i(9). Let d = q - -106. List the prime factors of d.
2, 11
Suppose 6*s - 8*s = -5*q + 6, 3*q + 23 = 5*s. Let p(j) = -j**2 + 9*j - 7. Let d be p(s). Suppose d*i - 2928 = -5*i. List the prime factors of i.
2, 61
Suppose -13620 + 208960 = 20*g. List the prime factors of g.
9767
Let p(j) = j**2 - 42*j + 90. Let s be p(-33). Suppose -3*i = -h - 1529, -s = -i - 4*i + 5*h. List the prime factors of i.
2, 127
Suppose -133*t = 53*t - 11501124. List the prime factors of t.
2, 43, 719
Suppose -2*c + 5*g + 6402 = 0, -5*g - 12784 = 2*c - 6*c. What are the prime factors of c?
3191
Suppose -3*w - 3*g - 29 = -2*g, -3*w + g - 31 = 0. Suppose -4*n = z - 24, 5*z - 2*z - 7 = n. What are the prime factors of ((-49)/2)/(n/w)?
7
Let t = 1976 + -1073. Suppose t - 3095 = -4*r. What are the prime factors of r?
2, 137
Suppose 182*x - 187*x + 5 = 0. What are the prime factors of x*((-144)/(-40) - (-3)/(-5))?
3
Let t be 9/(-45) - 39/5. Let x(l) = -25*l**2 - 3*l**3 + 14 + 12 + 4*l**3 - 3*l + 33*l**2. List the prime factors of x(t).
2, 5
Suppose -10*m = -46 - 14. Let r be 0 + 0 + -3 + m. Suppose -112 = -5*s + 2*p + 111, p - 136 = -r*s. List the prime factors of s.
3, 5
Suppose 3*z + 11*o = 8*o + 204, -2*o - 2 = 0. Suppose p = -4*u + 18, 5*u + 14 = 2*p - 9. Suppose q - z = -p. What are the prime factors of q?
5, 11
Let q be -1*6 + (-36)/6 + 8. List the prime factors of 210/q*80/(-50).
2, 3, 7
Suppose 3*h - 79973 = -5*z, 575*h = 577*h - 2*z - 53342. What are the prime factors of h?
2, 67, 199
Let v(c) = -82*c**3 + 0*c - 31 - 2*c**2 + 43 + 6*c + c. List the prime factors of v(-2).
2, 17, 19
Let j = 86 - 81. Suppose 1994 = 4*i - j*w + 670, -i - 3*w = -331. What are the prime factors of i?
331
Let n = 54 - 51. Let d be ((-6)/9 + 0)/(n/(-9)). Suppose s - 5*m - 118 = 0, -3*s - d*m + 236 = -33. What are the prime factors of s?
3, 31
Let u = 1367 - -2033. What are the prime factors of u?
2, 5, 17
Suppose 1835 = 3*q - 2*x, -5*q = -8*q + 4*x + 1837. Let s = 1470 - q. What are the prime factors of s?
859
Let y(q) = 3*q - 9*q - 2*q - 128 - 3*q - 11*q. What are the prime factors of y(-23)?
2, 3, 7
Let l = -458 - -75. Let h = 15646 + -15089. Let x = l + h. What are the prime factors of x?
2, 3, 29
Suppose 0 = 7*f + 3684 - 1066. Let x = f + 1303. List the prime factors of x.
929
Suppose 4*g = -y + g + 8, 4*y - 12 = -2*g. Suppose 3*h - 2*h - 2 = -k, -12 = -y*h - 4*k. List the prime factors of (3 - 2)*h + 408/4.
2, 5
Let j(t) = t**3 + 6*t**2 + 4*t + 4. Let w be j(-4). Suppose -3*h - w = h. Let r(k) = 6*k**2 + k + 2. List the prime factors of r(h).
3, 7
Suppose 6*l - 53 = 61. Suppose -69 = 5*i + q, -4*q = -3*i + q - l. List the prime factors of 1/4 + i/4 - -61.
2, 29
Let y(o) = -27*o - 55. Let b be y(-2). What are the prime factors of b/((-3)/1605*1)?
5, 107
Suppose 0*w - w = -1674. Let t = w + -1177. Suppose -4*c = 3*c - t. List the prime factors of c.
71
List the prime factors of (-1 + 86/14)/(2/9821).
2, 3, 23, 61
Let v = 1522 - 2638. Let k = -1633 - v. Let r = -354 - k. What are the prime factors of r?
163
Suppose 3*l - 72536 = 5*b, 3*l - 8*l - b = -120856. What are the prime factors of l?
2, 6043
Let v = 595 + 7536. List the prime factors of v.
47, 173
Suppose 1 = 8*y + 9. Let r be (75/12)/((-3)/(-84)) + y. Suppose -4*g + r + 234 = 0. List the prime factors of g.
2, 3, 17
What are the prime factors of (0 + -14)*347232/(-192)?
7, 3617
Let y = 13 - 11. Suppose 4*p - 7*x - 725 = -y*x, -x + 539 = 3*p. What are the prime factors of (p/(-70))/((-3)/14)?
2, 3
Let p be (280/6)/(1 + 34/(-33)). List the prime factors of (p/8)/(10/(-20)).
5, 7, 11
Suppose 0 = 2*s - 12 + 8. Suppose -s*y = 5*y - 2674. Suppose -2*g - 46 = -y. What are the prime factors of g?
2, 3, 7
Let a = 86 + -84. Suppose -a - 4 = 2*w. What are the prime factors of